*a**2 - 14*a + 9. Let q be j(7). Let y be 5 - 7 - q/(-1). What is the highest common factor of m and y?
7
Suppose 0 = -5*l - 5*x + 405, 4*x = 4*l - x - 288. Let i be 266/(-35) - (-4)/(-10). Let d = 19 + i. Calculate the greatest common divisor of d and l.
11
Let t = 7056 + -6804. Calculate the highest common divisor of t and 1062.
18
Suppose -3*b + 3*d = -57, 42 = b + 2*b + 2*d. Let i = -26 + 31. Suppose 2*y = -i*j + 143, y = -0*y + 5*j + 49. What is the highest common divisor of y and b?
16
Let o(m) = -5*m + 24. Let a be o(13). Let f be (0 + -1)*(-29 + a). Calculate the greatest common divisor of f and 14.
14
Suppose -14593 - 31187 = -140*r. What is the highest common divisor of 109 and r?
109
Suppose -3*p - 405 = -2*a, -270 = 2*p + a - 5*a. Let j be 54/p + 3/(15/47). Calculate the greatest common factor of 81 and j.
9
Let s be (-66)/9*((-15)/(-10) + -3). What is the greatest common factor of s and 275?
11
Let s = 0 + 21. Let l(z) = 29*z + 17. Let w be l(-3). Let u = 77 - w. What is the greatest common factor of u and s?
21
Suppose -1765 = -244*j - 57. Let v be 3*(0 - (-14)/3). What is the highest common factor of v and j?
7
Suppose -756 = -2*r + 666*y - 664*y, -5*r + 1854 = -y. Let m(i) = 2*i**2 + i - 1. Let b be m(2). What is the highest common factor of b and r?
9
Let t = 17071 + -14780. Calculate the greatest common factor of 29 and t.
29
Let c(l) = l**3 - 9*l**2 + 19*l - 23. Let v be c(7). Let i(s) = 4*s - 42. Let j be i(v). Let z = 10 + -8. What is the greatest common factor of z and j?
2
Let m be (-10 - (-37)/4) + 69/(-4). Let b be (169/(-65))/(m/15 + 1). Calculate the highest common divisor of b and 143.
13
Let o = -180 - -246. Suppose 0 = 2*v - 5*v + 24. Suppose 10*h = v*h + o. What is the greatest common factor of h and 22?
11
Suppose 31*j + 36*j + 1072 = 71*j. What is the greatest common divisor of j and 469?
67
Let v(j) be the first derivative of 53/2*j**2 - 1 - j. Let u be v(2). What is the greatest common divisor of u and 15?
15
Let y(x) = 9*x**2 + 4*x + 5. Let t be y(-1). Let m(b) = b**2 + 6*b + 3. Let w be m(-6). Let q = w - -1. What is the highest common divisor of t and q?
2
Let c(q) = -q**2 + 11*q + 24. Let d be c(0). Let b(o) = -o**3 + 15*o**2 + 4*o - 36. Let u be b(15). Calculate the highest common divisor of u and d.
24
Let p = 8207 - 8138. Calculate the greatest common factor of p and 2047.
23
Let d(s) = -s**3 + 6*s**2 + 20*s + 14. Let t be d(-2). Calculate the highest common factor of 822 and t.
6
Suppose 4900 = 56*l - 7*l. Calculate the greatest common factor of l and 200.
100
Let w be 70/((-1)/11 - (38066/6468 + -6)). Calculate the highest common factor of 8 and w.
4
Let h(x) = 7*x**2 + 12*x + 41. Let f be h(-3). Calculate the highest common factor of 36 and f.
4
Let a(i) be the second derivative of i**3/3 - 5*i**2 + 3*i. Let n be a(10). Suppose -6*w = -773 + 113. Calculate the greatest common factor of w and n.
10
Suppose 22 = h - d, 5*h - 122 = -0*d + d. Suppose -81 = -4*p - h. What is the highest common divisor of 77 and p?
7
Suppose -5*l - 294*a + 58789 = -293*a, 4*l + 3*a - 47018 = 0. What is the greatest common factor of 11 and l?
11
Let j = 761 - 220. Suppose j = 31*f - 420. Calculate the highest common factor of 527 and f.
31
Suppose 7*x - 509 = 247. Let z be ((-63)/6)/((-9)/x). Calculate the greatest common factor of z and 42.
42
Let y = 357 + -339. Suppose 8*m = -2 + y. Calculate the greatest common divisor of m and 50.
2
Let h(z) = -855*z + 915. Let p be h(1). Let d be (8/(-3))/((-3)/27). What is the highest common factor of d and p?
12
Let p be -9*(-4048)/96*5/(15/2). Calculate the greatest common factor of 11 and p.
11
Let u be (1666/70 + -13)*370/4. What is the greatest common divisor of u and 2257?
37
Suppose 3*u = -4*c + 2510, -c + 17*u + 617 = 16*u. Calculate the greatest common divisor of 133 and c.
7
Let j be (-1816)/(-10) + (-8)/(-20). Let v be 23*38/6118*(-196)/(-2). Calculate the greatest common divisor of v and j.
14
Let y be ((-45)/(-10) - 5)*-6. Let o be (y - (6 + -5))/((-2)/(-28)). What is the highest common factor of 49 and o?
7
Let f(u) = -2*u**3 + u**2 + u - 1. Let y be f(1). Let i be (-16 + 2)*(y + -1). Let r = i - 24. Calculate the greatest common factor of 44 and r.
4
Suppose -5202 = 140*w - 141*w. What is the highest common factor of 68 and w?
34
Let o = -607 - -934. Let n = o - 502. Let p be 6/((-30)/n) - 2. Calculate the highest common divisor of 22 and p.
11
Let h = -34 + 48. Let o(c) = 400*c - 23881. Let i be o(60). What is the highest common divisor of i and h?
7
Let r(q) = -q**2 - 9*q + 7. Let y be r(-7). Let p = 2223 - 2111. What is the greatest common divisor of p and y?
7
Let k = 878 + -876. Suppose 2*z + k*b = 38, 44*b = 3*z + 48*b - 52. Calculate the highest common divisor of z and 88.
8
Let i = -68 - -68. Suppose -h = -18 - i. Let x(a) = 89*a**2 - 3*a - 2. Let b be x(-1). Calculate the greatest common divisor of h and b.
18
Let a be 377663/114 + (-10)/24*2. What is the highest common factor of 1440 and a?
144
Suppose -10*d + 7*d + 5 = -b, 1 = 3*d - 2*b. Suppose 4*v + d*y = 1655, -5*y + 979 = 3*v - 254. Calculate the highest common factor of v and 64.
32
Suppose 5*c = -c, -1337 = 5*m + 2*c - 9992. What is the greatest common divisor of 6 and m?
3
Let o(d) = -8*d - 3. Let b be o(-8). Suppose -b = -3*x - 2*w, -38 - 21 = -3*x - w. Calculate the greatest common divisor of 38 and x.
19
Let u = -184 + 188. Let o(k) = 8*k - 12. Let t be o(u). Suppose 3 = -w - 2*m + 19, 3*m = -4*w + 74. What is the greatest common factor of t and w?
20
Let z(d) = 12*d - 13. Let u be z(4). Suppose 11 = 2*m + 1. Suppose -5*w + 7*b = 2*b - u, -m*b = 4*w + 17. What is the highest common factor of w and 1?
1
Let c = 469102 - 469087. Let z be 14/6 - 1/3. Let a be z - 2*(-46)/4. What is the highest common divisor of c and a?
5
Let m(b) = 16*b + 5. Let k(a) = a - 2. Let q(z) = 5*k(z) + m(z). Let s be q(1). Suppose 2*n - 126 = 98. What is the greatest common divisor of n and s?
16
Suppose -4*l - 92 = g + 38, 2*l - 502 = 4*g. Let u = 326 + g. What is the greatest common factor of u and 50?
50
Let j be (-69)/(-4) - 2 - (-54)/72. Suppose -4*o = 0, 0 = 3*n - 7*n - 3*o + j. What is the greatest common divisor of 36 and n?
4
Suppose 10*a - 9*a = 3. Let h be (-1)/5*-5 - -7. Suppose -h*d = 6 - 22. Calculate the highest common divisor of d and a.
1
Let w(b) = -b**2 - 19*b - 7. Let k be w(-18). Let h(t) = 8*t**2 + 16*t + 4. Let l be h(-4). Let f = l - 66. What is the greatest common divisor of k and f?
1
Let n(b) = 110*b**2 - 17*b + 34. Let p be n(3). Suppose 132 = 21*c - 15. What is the highest common divisor of c and p?
7
Let m = -17342 - -7661. Let r be m/(-147) + (-6)/7. Calculate the highest common factor of 39 and r.
13
Let n = -697 - -1040. Let d = 472 - n. What is the greatest common divisor of 86 and d?
43
Let x = 120 + -78. Suppose 119*p = 112*p + 735. Calculate the highest common divisor of x and p.
21
Suppose 4300 = 3*o + 3*r - 1043, -4*r + 12 = 0. Calculate the highest common factor of 635 and o.
127
Suppose -37*n = 394 - 3724. What is the greatest common divisor of 2310 and n?
30
Let i(g) = -252*g - 131. Let d be i(-11). Calculate the highest common divisor of 556 and d.
139
Suppose -11469 = 59*d - 40851. What is the greatest common divisor of 48 and d?
6
Suppose -87885 + 936285 = 63*s + 105*s. What is the greatest common divisor of 50 and s?
50
Suppose 0 = -0*n - 5*n + 45. Let u be n*(2 - 3)*(5 - 6). Suppose 14 = u*w - 2*w. Calculate the highest common divisor of w and 4.
2
Let o(f) = -f**3 + 13*f**2 + 1. Let w be 3 + (-3)/(3/(-10)). Let t be o(w). Suppose m - 11 - t = 0. What is the greatest common factor of 48 and m?
12
Suppose -224*k - 4247 + 14959 = -237256. What is the greatest common divisor of 135 and k?
27
Let p = 225 - 223. Suppose v - 33 = 4*f, p*v + 0*v = f + 45. Calculate the greatest common factor of v and 21.
21
Let k be 136 + (-14)/(-56)*16. Calculate the greatest common factor of k and 105.
35
Suppose 9*b - 2914 - 4363 = 2353. Calculate the highest common divisor of 30 and b.
10
Let g be 3 + (57 - (12 - 6)). Suppose -g*o = -50*o - 96. Calculate the greatest common divisor of o and 18.
6
Let l be ((-2)/3)/(3/(-81))*42. Suppose -5096 + l = -31*d. Suppose -2*f + 3*f = 35. What is the 